tor of 96 and k?
12
Suppose 0 = 754*y - 758*y + 304. Calculate the highest common divisor of 133 and y.
19
Let w be ((4 + -8)*-19)/4. Let p(l) = 39*l**2 - 2*l. Let k be p(2). Calculate the highest common factor of k and w.
19
Suppose -2*w + 236 = -324. Let r = 1025 - 990. Calculate the highest common factor of r and w.
35
Let g = -132 - -266. Let t = g - 85. What is the highest common factor of 7 and t?
7
Suppose 7*z + 0 = 14. Suppose 0 = -z*x - 2*t + 78, 5*x + 4*t = 4*x + 48. Calculate the greatest common divisor of 18 and x.
18
Let o be ((-72)/(-15))/(-8) - (-346)/10. What is the highest common divisor of 391 and o?
17
Let j be 3*2/4 - 4743/(-6). Suppose 40*f - j = 36*f. Calculate the greatest common factor of 18 and f.
18
Let y be (-2)/(-4)*-3*(-3 + 7). Let t(h) = -6*h - 16. Let l be t(y). Calculate the greatest common factor of 50 and l.
10
Let z be ((2 + 4)/2)/((-3)/(-90)). Let p = 96 - z. Calculate the highest common factor of 54 and p.
6
Suppose -5*o - 34 = -g, -3*g + 4*o = -58 - 22. What is the highest common divisor of g and 48?
24
Let v = 243 + -63. Calculate the highest common divisor of 80 and v.
20
Let a be (-17 + 0)/(40/(-6880)) - 0. Calculate the greatest common divisor of a and 68.
68
Suppose -4*c + 2*n + n = -708, 724 = 4*c + n. What is the greatest common divisor of 18 and c?
18
Let g be 0 - -3 - 12/48*-16. Let i = 1 + 0. Calculate the greatest common factor of g and i.
1
Let v(w) = 4*w**2 + 4*w - 19. Let h(s) = -s**2 - 7*s - 14. Let c be h(-6). Let u be v(c). What is the greatest common factor of u and 82?
41
Let c be 238 + (9 - 8 - -1). Suppose 2*l = 2*i + 40, -4*i + 9*i - 20 = 0. What is the highest common factor of c and l?
24
Suppose 0 = 4*v + 8, -2*k = k + 4*v - 4. Suppose 3*b = -k*o + 82, -b + 4 = -5*o + 116. Suppose -24 = o*p - 25*p. Calculate the highest common factor of p and 1.
1
Let m = -65 - -104. Suppose 2*b = -2*b + 2*n + 110, 5*b = -3*n + 121. Calculate the highest common factor of m and b.
13
Let h be (-49 - -52)*(0 + 52/6). Suppose -r = -2 - 11. What is the greatest common factor of r and h?
13
Let q be 3 - (-7)/((-28)/(-8)). Suppose -2*i + 5*m = -4, 8 = 4*i - q*m - 0*m. Suppose i*a - 13 = 13. What is the highest common factor of 13 and a?
13
Suppose 0 = 3*w + 19 - 85. Suppose -13*h = 6*h - 152. Suppose h*x - 305 = -41. Calculate the highest common divisor of w and x.
11
Suppose u + 2014 = 2060. Calculate the highest common factor of 1058 and u.
46
Suppose 3*x + 1 = -q, 4*q + 4*x = x + 5. Let n be (2 + -12)/(-5) + 26. Let f = 29 - n. What is the greatest common divisor of f and q?
1
Suppose 0 = -3*s + 1471 + 344. Calculate the highest common divisor of 11 and s.
11
Let j(m) = m**2 - 16*m + 12. Suppose 0 = -3*h - 6 + 51. Let d = h - -1. Let v be j(d). Calculate the highest common divisor of 132 and v.
12
Suppose -t = -5 + 2. Suppose 3*r - 2*v = 5 + 7, r - 5 = v. Calculate the highest common divisor of t and r.
1
Let r = 455 - 383. What is the greatest common factor of 18 and r?
18
Suppose -34*t = -1007 + 89. Calculate the greatest common factor of t and 27.
27
Let u be -112*1*(-10)/7. What is the highest common factor of u and 60?
20
Let n = -32 - -32. Suppose 4*u - 16 = -2*q + 6, n = -q - 5*u + 23. What is the highest common divisor of q and 12?
3
Suppose 2*y = 4*o - 14, 3*o - 2*o = -5*y - 13. Suppose -2 = -o*k + 28. Suppose -3*z = z - 24. Calculate the highest common divisor of k and z.
3
Let g be ((-121)/(-33))/(1/27). What is the highest common divisor of 33 and g?
33
Let r(d) = 27*d**2 + 2*d + 2. Let l be r(3). Let t = l - 83. Suppose t = 3*f + f. What is the greatest common factor of 6 and f?
6
Let o be (-2)/((-4)/(-6))*2. Suppose -16*g + 372 = -108. Let i be 261/5 + o/g. What is the highest common divisor of i and 13?
13
Let w = 1076 - 817. Calculate the highest common divisor of 14 and w.
7
Let s = -39 - -68. Let w(h) = 7*h**2 + 5*h - 79. Let m be w(6). What is the greatest common factor of m and s?
29
Let r(m) = -m**2 - 42*m - 315. Let k be r(-20). Calculate the highest common factor of k and 5.
5
Let l = -4 + -23. Let g be l*((-15)/9 + -1). Suppose -2*v = 5*o - 14, 6 = v + o - 4. What is the greatest common divisor of g and v?
12
Let i(c) = -c**2 - 11*c + 38. Let b be i(0). What is the highest common divisor of 209 and b?
19
Suppose 3*i + 0 + 5 = 2*p, 3*i + 17 = -4*p. Let x be 16 - i - -2 - 3. Let r = 8 + 4. Calculate the greatest common factor of x and r.
6
Suppose 0 = 3*i - 7*i + 112. Let b be 0/2 + -25 + 27 - -54. Calculate the greatest common divisor of b and i.
28
Suppose -c = 2*b - 50, 4*b = -c + 22 + 30. Calculate the highest common factor of c and 48.
48
Suppose -2*j + 94 = 2*x, -2*j - 235 = -7*j + 3*x. Let w = j + -16. What is the highest common factor of 279 and w?
31
Suppose 4*n - 1135 = 105. Let y = n - 94. What is the highest common divisor of 27 and y?
27
Let r(m) = 40*m + 5. Let y be r(1). What is the highest common divisor of 5 and y?
5
Let a be (-4)/14 + 212/7. Calculate the highest common factor of a and 60.
30
Let c be 0/(1 - (-3)/3). Suppose r + 66 = -c*r. Let x be (r/55)/((-2)/240). Calculate the highest common factor of x and 18.
18
Let x be 5/(1/(-12)*2). Let n = x - -43. Let b = 96 + -44. What is the highest common divisor of b and n?
13
Let l(q) = 9*q + 2*q**2 - 3*q**2 - 32 + 26. Let j be l(8). Calculate the highest common factor of 8 and j.
2
Let g = 52 - 26. Let i be ((-52)/(-6))/(7/105). Calculate the greatest common divisor of g and i.
26
Let t = -775 + 837. Calculate the highest common factor of 899 and t.
31
Let j = 339 + -291. Calculate the highest common divisor of 2472 and j.
24
Let q = 942 - -44. What is the greatest common factor of 58 and q?
58
Let p(c) be the first derivative of -c**3/3 + 6*c**2 + 14*c - 14. Let l be p(7). Calculate the greatest common divisor of l and 49.
49
Suppose u = -20 + 72. Let p = u + -42. What is the greatest common divisor of p and 50?
10
Let k be (-1*3/(-39))/(15/195). Let h = -11 + 24. What is the greatest common factor of h and k?
1
Let t = -145 - -181. Calculate the highest common factor of 18 and t.
18
Suppose 0*t = 3*t - 96. Let b = 61 - t. Calculate the highest common divisor of b and 29.
29
Suppose 7*m - 2*m = -840. Suppose 25*h - 1115 - 7285 = 0. Let f = h + m. Calculate the highest common divisor of 24 and f.
24
Suppose -10*m + 47 = -73. Calculate the highest common factor of m and 348.
12
Let h = -229 - -1527. Calculate the highest common divisor of h and 22.
22
Let u be (8/(-10))/((-1)/5). Let m = -26 + 30. Suppose 0 = -6*s + m*s - 10, -s = -3*c + 41. What is the greatest common factor of c and u?
4
Let p = -386 + 410. What is the greatest common factor of p and 16?
8
Let k = 1 - -3. Let d be (12/k)/3 + 2. Suppose d*t - 50 = 220. Calculate the highest common divisor of 18 and t.
18
Let u(j) = -4*j - 4 + 0*j + 3*j. Let i be u(-3). Let z be 1467/27 - i/(-3). What is the highest common divisor of 6 and z?
6
Let c be 4 - ((6 - 5) + -2). Let a be c + -8 + (-16)/1*-14. Calculate the highest common factor of a and 13.
13
Suppose 241*u - 343 = 239*u + o, 0 = -4*u - 5*o + 721. Calculate the highest common factor of u and 12.
6
Let r(h) = h**3 - 19*h**2 + 20*h - 36. Let d be r(18). Let u be (-1 + d)/(-6) + 572/24. Calculate the greatest common factor of u and 168.
24
Suppose -11*g - 45 = -8*g. Let y = g - -17. Suppose -y*c = -4*d + 98, 4*d - 2*d - 3*c = 51. What is the greatest common divisor of d and 12?
12
Suppose -22*s - 225 = -1347. What is the greatest common factor of 221 and s?
17
Let h be (-2)/8 - (3 + 61/(-4)). Calculate the highest common divisor of 12 and h.
12
Let k be -2 - (-1633 - 0 - -3). What is the highest common factor of k and 37?
37
Let w be 2 + (4 - -12)*-1. Let p = 56 - w. Suppose p = 5*y - 310. Calculate the greatest common factor of 19 and y.
19
Let n be 1/9 - (-5829)/27. Suppose -4*h = 2*h - n. Calculate the highest common divisor of h and 72.
36
Let c = -11 + 15. Suppose c*z + 4*v - 38 = 2*v, 8 = z - v. Suppose -s = -5*i - 8, -3*s + s + 3*i = -z. What is the greatest common factor of s and 24?
3
Suppose -g - 200 = -3*g. Let f be -2*13/(65/(-30)). Suppose f*l = 7*l + 100. What is the highest common factor of g and l?
20
Let c = 35 + 50. Let z(n) = -7 - 84*n**2 - n + 5*n + c*n**2. Let i be z(-8). What is 